{"id":1264,"date":"2020-11-09T20:32:08","date_gmt":"2020-11-09T20:32:08","guid":{"rendered":"https:\/\/www.arpaz.pt\/portal\/wp-content\/uploads\/2020\/11\/Convocatoria-A.G.-Dez-2020-eleicoes-quadrienio-2021-a-2024.png"},"modified":"2020-11-09T20:32:08","modified_gmt":"2020-11-09T20:32:08","slug":"convocatoria-a-g-dez-2020-eleicoes-quadrienio-2021-a-2024","status":"inherit","type":"attachment","link":"https:\/\/www.arpaz.pt\/portal\/convocatoria-a-g-dez-2020-eleicoes-quadrienio-2021-a-2024\/","title":{"rendered":"Convocatoria A.G. Dez 2020 elei\u00e7\u00f5es quadri\u00e9nio 2021 a 2024"},"author":1,"featured_media":0,"comment_status":"closed","ping_status":"closed","template":"","meta":{"_bbp_topic_count":0,"_bbp_reply_count":0,"_bbp_total_topic_count":0,"_bbp_total_reply_count":0,"_bbp_voice_count":0,"_bbp_anonymous_reply_count":0,"_bbp_topic_count_hidden":0,"_bbp_reply_count_hidden":0,"_bbp_forum_subforum_count":0},"class_list":["post-1264","attachment","type-attachment","status-inherit","hentry","clearfix"],"jetpack_sharing_enabled":true,"description":{"rendered":"<p class=\"attachment\"><a href='https:\/\/www.arpaz.pt\/portal\/wp-content\/uploads\/2020\/11\/Convocatoria-A.G.-Dez-2020-eleicoes-quadrienio-2021-a-2024.png'><img loading=\"lazy\" decoding=\"async\" width=\"212\" height=\"300\" src=\"https:\/\/www.arpaz.pt\/portal\/wp-content\/uploads\/2020\/11\/Convocatoria-A.G.-Dez-2020-eleicoes-quadrienio-2021-a-2024-212x300.png\" class=\"attachment-medium size-medium\" alt=\"\" srcset=\"https:\/\/www.arpaz.pt\/portal\/wp-content\/uploads\/2020\/11\/Convocatoria-A.G.-Dez-2020-eleicoes-quadrienio-2021-a-2024-212x300.png 212w, https:\/\/www.arpaz.pt\/portal\/wp-content\/uploads\/2020\/11\/Convocatoria-A.G.-Dez-2020-eleicoes-quadrienio-2021-a-2024.png 600w\" sizes=\"auto, (max-width: 212px) 100vw, 212px\" \/><\/a><\/p>\n"},"caption":{"rendered":""},"alt_text":"","media_type":"image","mime_type":"image\/png","media_details":{"width":600,"height":849,"file":"2020\/11\/Convocatoria-A.G.-Dez-2020-eleicoes-quadrienio-2021-a-2024.png","sizes":{"medium":{"file":"Convocatoria-A.G.-Dez-2020-eleicoes-quadrienio-2021-a-2024-212x300.png","width":212,"height":300,"mime_type":"image\/png","source_url":"https:\/\/www.arpaz.pt\/portal\/wp-content\/uploads\/2020\/11\/Convocatoria-A.G.-Dez-2020-eleicoes-quadrienio-2021-a-2024-212x300.png"},"thumbnail":{"file":"Convocatoria-A.G.-Dez-2020-eleicoes-quadrienio-2021-a-2024-150x150.png","width":150,"height":150,"mime_type":"image\/png","source_url":"https:\/\/www.arpaz.pt\/portal\/wp-content\/uploads\/2020\/11\/Convocatoria-A.G.-Dez-2020-eleicoes-quadrienio-2021-a-2024-150x150.png"},"woocommerce_thumbnail":{"file":"Convocatoria-A.G.-Dez-2020-eleicoes-quadrienio-2021-a-2024-300x300.png","width":300,"height":300,"uncropped":false,"mime_type":"image\/png","source_url":"https:\/\/www.arpaz.pt\/portal\/wp-content\/uploads\/2020\/11\/Convocatoria-A.G.-Dez-2020-eleicoes-quadrienio-2021-a-2024-300x300.png"},"woocommerce_gallery_thumbnail":{"file":"Convocatoria-A.G.-Dez-2020-eleicoes-quadrienio-2021-a-2024-100x100.png","width":100,"height":100,"mime_type":"image\/png","source_url":"https:\/\/www.arpaz.pt\/portal\/wp-content\/uploads\/2020\/11\/Convocatoria-A.G.-Dez-2020-eleicoes-quadrienio-2021-a-2024-100x100.png"},"shop_catalog":{"file":"Convocatoria-A.G.-Dez-2020-eleicoes-quadrienio-2021-a-2024-300x300.png","width":300,"height":300,"mime_type":"image\/png","source_url":"https:\/\/www.arpaz.pt\/portal\/wp-content\/uploads\/2020\/11\/Convocatoria-A.G.-Dez-2020-eleicoes-quadrienio-2021-a-2024-300x300.png"},"shop_thumbnail":{"file":"Convocatoria-A.G.-Dez-2020-eleicoes-quadrienio-2021-a-2024-100x100.png","width":100,"height":100,"mime_type":"image\/png","source_url":"https:\/\/www.arpaz.pt\/portal\/wp-content\/uploads\/2020\/11\/Convocatoria-A.G.-Dez-2020-eleicoes-quadrienio-2021-a-2024-100x100.png"},"sow-carousel-default":{"file":"Convocatoria-A.G.-Dez-2020-eleicoes-quadrienio-2021-a-2024-272x182.png","width":272,"height":182,"mime_type":"image\/png","source_url":"https:\/\/www.arpaz.pt\/portal\/wp-content\/uploads\/2020\/11\/Convocatoria-A.G.-Dez-2020-eleicoes-quadrienio-2021-a-2024-272x182.png"},"full":{"file":"Convocatoria-A.G.-Dez-2020-eleicoes-quadrienio-2021-a-2024.png","width":600,"height":849,"mime_type":"image\/png","source_url":"https:\/\/www.arpaz.pt\/portal\/wp-content\/uploads\/2020\/11\/Convocatoria-A.G.-Dez-2020-eleicoes-quadrienio-2021-a-2024.png"}},"image_meta":{"aperture":"0","credit":"","camera":"","caption":"","created_timestamp":"0","copyright":"","focal_length":"0","iso":"0","shutter_speed":"0","title":"","orientation":"0","keywords":[]}},"post":null,"source_url":"https:\/\/www.arpaz.pt\/portal\/wp-content\/uploads\/2020\/11\/Convocatoria-A.G.-Dez-2020-eleicoes-quadrienio-2021-a-2024.png","_links":{"self":[{"href":"https:\/\/www.arpaz.pt\/portal\/wp-json\/wp\/v2\/media\/1264","targetHints":{"allow":["GET"]}}],"collection":[{"href":"https:\/\/www.arpaz.pt\/portal\/wp-json\/wp\/v2\/media"}],"about":[{"href":"https:\/\/www.arpaz.pt\/portal\/wp-json\/wp\/v2\/types\/attachment"}],"author":[{"embeddable":true,"href":"https:\/\/www.arpaz.pt\/portal\/wp-json\/wp\/v2\/users\/1"}],"replies":[{"embeddable":true,"href":"https:\/\/www.arpaz.pt\/portal\/wp-json\/wp\/v2\/comments?post=1264"}]}}

Convocatoria A.G. Dez 2020 eleições quadriénio 2021 a 2024
